{"id":275,"date":"2022-01-17T13:46:06","date_gmt":"2022-01-17T13:46:06","guid":{"rendered":"https:\/\/defi-theo-climat.ipsl.fr\/?page_id=275"},"modified":"2022-01-17T13:46:06","modified_gmt":"2022-01-17T13:46:06","slug":"thematiques-scientifiques","status":"publish","type":"page","link":"https:\/\/defi-theo-climat.ipsl.fr\/index.php\/thematiques-scientifiques\/","title":{"rendered":"Th\u00e9matiques Scientifiques"},"content":{"rendered":"\n<p><strong>Les th\u00e9matiques scientifiques du Groupement De Recherche (GDR) \u00ab\u00a0D\u00e9fis th\u00e9orique pour les sciences du climat\u00a0\u00bb sont fondamentalement pluridisciplinaires\u00a0<\/strong>et notre d\u00e9marche cherche \u00e0 d\u00e9velopper des connaissances au del\u00e0 des disciplines existantes (transdisciplinarit\u00e9).\u00a0 Le GDR regroupe la communaut\u00e9 des th\u00e9oriciens : physiciens, climatologues, oc\u00e9anographes, atmosph\u00e9riciens, math\u00e9maticiens, informaticiens, sciences num\u00e9riques, machine learning (apprentissage automatique), qui travaillent sur les sciences du climat.<\/p>\n\n\n\n<ul class=\"wp-block-list\"><li>Dynamique du climat<\/li><\/ul>\n\n\n\n<ul class=\"wp-block-list\"><li>Dynamique des oc\u00e9ans et de l\u2019atmosph\u00e8re<\/li><\/ul>\n\n\n\n<ul class=\"wp-block-list\"><li>Machine learning et climat<\/li><\/ul>\n\n\n\n<ul class=\"wp-block-list\"><li>Math\u00e9matiques et climat &#8211; Statistique<\/li><\/ul>\n\n\n\n<ul class=\"wp-block-list\"><li>Math\u00e9matiques et climat &#8211; Analyse num\u00e9rique et assimilation de donn\u00e9es<\/li><\/ul>\n\n\n\n<ul class=\"wp-block-list\"><li>Mod\u00e9lisation stochastique<\/li><\/ul>\n\n\n\n<ul class=\"wp-block-list\"><li>Physique, dynamique non-lin\u00e9aire et climat<\/li><\/ul>\n\n\n\n<ul class=\"wp-block-list\"><li>Physique statistique et climat\u00a0<\/li><\/ul>\n\n\n\n<ul class=\"wp-block-list\"><li>Turbulence et \u00e9coulements g\u00e9ophysiques<\/li><\/ul>\n\n\n\n<ul class=\"wp-block-list\"><li>Relations entre observations, donn\u00e9es et int\u00e9gration dans les mod\u00e8les<\/li><\/ul>\n","protected":false},"excerpt":{"rendered":"<p>Les th\u00e9matiques scientifiques du Groupement De Recherche (GDR) \u00ab\u00a0D\u00e9fis th\u00e9orique pour les sciences du climat\u00a0\u00bb sont fondamentalement pluridisciplinaires\u00a0et notre d\u00e9marche cherche \u00e0 d\u00e9velopper des connaissances [&#8230;]<\/p>\n","protected":false},"author":2,"featured_media":0,"parent":0,"menu_order":0,"comment_status":"closed","ping_status":"closed","template":"","meta":{"footnotes":""},"class_list":["post-275","page","type-page","status-publish","hentry"],"_links":{"self":[{"href":"https:\/\/defi-theo-climat.ipsl.fr\/index.php\/wp-json\/wp\/v2\/pages\/275","targetHints":{"allow":["GET"]}}],"collection":[{"href":"https:\/\/defi-theo-climat.ipsl.fr\/index.php\/wp-json\/wp\/v2\/pages"}],"about":[{"href":"https:\/\/defi-theo-climat.ipsl.fr\/index.php\/wp-json\/wp\/v2\/types\/page"}],"author":[{"embeddable":true,"href":"https:\/\/defi-theo-climat.ipsl.fr\/index.php\/wp-json\/wp\/v2\/users\/2"}],"replies":[{"embeddable":true,"href":"https:\/\/defi-theo-climat.ipsl.fr\/index.php\/wp-json\/wp\/v2\/comments?post=275"}],"version-history":[{"count":1,"href":"https:\/\/defi-theo-climat.ipsl.fr\/index.php\/wp-json\/wp\/v2\/pages\/275\/revisions"}],"predecessor-version":[{"id":276,"href":"https:\/\/defi-theo-climat.ipsl.fr\/index.php\/wp-json\/wp\/v2\/pages\/275\/revisions\/276"}],"wp:attachment":[{"href":"https:\/\/defi-theo-climat.ipsl.fr\/index.php\/wp-json\/wp\/v2\/media?parent=275"}],"curies":[{"name":"wp","href":"https:\/\/api.w.org\/{rel}","templated":true}]}}

Thématiques Scientifiques

<p><strong>Les thématiques scientifiques du Groupement De Recherche (GDR) « Défis théorique pour les sciences du climat » sont fondamentalement pluridisciplinaires </strong>et notre démarche cherche à développer des connaissances au delà des disciplines existantes (transdisciplinarité).  Le GDR regroupe la communauté des théoriciens : physiciens, climatologues, océanographes, atmosphériciens, mathématiciens, informaticiens, sciences numériques, machine learning (apprentissage automatique), qui travaillent sur les sciences du climat.</p>



<ul class="wp-block-list"><li>Dynamique du climat</li></ul>



<ul class="wp-block-list"><li>Dynamique des océans et de l’atmosphère</li></ul>



<ul class="wp-block-list"><li>Machine learning et climat</li></ul>



<ul class="wp-block-list"><li>Mathématiques et climat &#8211; Statistique</li></ul>



<ul class="wp-block-list"><li>Mathématiques et climat &#8211; Analyse numérique et assimilation de données</li></ul>



<ul class="wp-block-list"><li>Modélisation stochastique</li></ul>



<ul class="wp-block-list"><li>Physique, dynamique non-linéaire et climat</li></ul>



<ul class="wp-block-list"><li>Physique statistique et climat </li></ul>



<ul class="wp-block-list"><li>Turbulence et écoulements géophysiques</li></ul>



<ul class="wp-block-list"><li>Relations entre observations, données et intégration dans les modèles</li></ul>

<p>Les thématiques scientifiques du Groupement De Recherche (GDR) « Défis théorique pour les sciences du climat » sont fondamentalement pluridisciplinaires et notre démarche cherche à développer des connaissances [&#8230;]</p>
